0?
0
What is the hundreds digit of 4816?
8
What is the hundreds digit of 5620?
6
What is the units digit of 1221?
1
What is the hundreds digit of 96916?
9
What is the hundreds digit of 2475?
4
What is the hundreds digit of 14482?
4
What is the units digit of 2460?
0
What is the ten thousands digit of 41233?
4
What is the thousands digit of 13176?
3
What is the hundreds digit of 1510?
5
What is the units digit of 2191?
1
What is the hundreds digit of 698?
6
What is the hundreds digit of 664?
6
What is the units digit of 101560?
0
What is the ten thousands digit of 15475?
1
What is the thousands digit of 8274?
8
What is the hundreds digit of 3800?
8
What is the ten thousands digit of 34387?
3
What is the ten thousands digit of 108295?
0
What is the units digit of 1517?
7
What is the tens digit of 7174?
7
What is the tens digit of 1864?
6
What is the thousands digit of 7197?
7
What is the tens digit of 899?
9
What is the tens digit of 17503?
0
What is the tens digit of 39455?
5
What is the hundreds digit of 1457?
4
What is the units digit of 3874?
4
What is the thousands digit of 8000?
8
What is the hundreds digit of 2104?
1
What is the tens digit of 552?
5
What is the thousands digit of 18373?
8
What is the hundred thousands digit of 147106?
1
What is the ten thousands digit of 47126?
4
What is the thousands digit of 1370?
1
What is the tens digit of 127771?
7
What is the units digit of 6183?
3
What is the tens digit of 15714?
1
What is the tens digit of 38611?
1
What is the tens digit of 1279?
7
What is the ten thousands digit of 38848?
3
What is the hundreds digit of 4279?
2
What is the tens digit of 870?
7
What is the units digit of 3412?
2
What is the tens digit of 744?
4
What is the hundreds digit of 9031?
0
What is the units digit of 1596?
6
What is the thousands digit of 17265?
7
What is the tens digit of 57584?
8
What is the hundreds digit of 23886?
8
What is the tens digit of 32359?
5
What is the thousands digit of 2309?
2
What is the units digit of 12109?
9
What is the hundreds digit of 6398?
3
What is the hundreds digit of 7072?
0
What is the tens digit of 704?
0
What is the units digit of 16966?
6
What is the units digit of 772?
2
What is the hundreds digit of 55177?
1
What is the hundreds digit of 766?
7
What is the tens digit of 1223?
2
What is the hundreds digit of 995?
9
What is the tens digit of 16885?
8
What is the tens digit of 34150?
5
What is the tens digit of 3097?
9
What is the units digit of 1371?
1
What is the tens digit of 1945?
4
What is the tens digit of 853?
5
What is the hundreds digit of 7892?
8
What is the tens digit of 102?
0
What is the thousands digit of 12046?
2
What is the units digit of 1863?
3
What is the units digit of 620?
0
What is the hundreds digit of 76546?
5
What is the tens digit of 2286?
8
What is the hundreds digit of 95667?
6
What is the hundreds digit of 57672?
6
What is the hundreds digit of 337?
3
What is the units digit of 5081?
1
What is the units digit of 1092?
2
What is the thousands digit of 16699?
6
What is the tens digit of 1114?
1
What is the thousands digit of 27189?
7
What is the tens digit of 26262?
6
What is the thousands digit of 13777?
3
What is the thousands digit of 11836?
1
What is the ten thousands digit of 11281?
1
What is the units digit of 4181?
1
What is the tens digit of 305?
0
What is the tens digit of 1394?
9
What is the thousands digit of 25738?
5
What is the ten thousands digit of 28091?
2
What is the tens digit of 1677?
7
What is the units digit of 4920?
0
What is the tens digit of 1955?
5
What is the tens digit of 427?
2
What is the ten thousands digit of 34556?
3
What is the tens digit of 1088?
8
What is the hundreds digit of 151?
1
What is the hundreds digit of 1846?
8
What is the thousands digit of 7498?
7
What is the units digit of 1818?
8
What is the hundreds digit of 4023?
0
What is the tens digit of 459?
5
What is the tens digit of 1182?
8
What is the ten thousands digit of 18074?
1
What is the thousands digit of 10857?
0
What is the hundreds digit of 1040?
0
What is the hundreds digit of 1240?
2
What is the thousands digit of 2122?
2
What is the thousands digit of 21684?
1
What is the ten thousands digit of 85016?
8
What is the ten thousands digit of 22598?
2
What is the tens digit of 9313?
1
What is the tens digit of 37288?
8
What is the hundreds digit of 86781?
7
What is the hundreds digit of 474?
4
What is the hundreds digit of 19173?
1
What is the thousands digit of 13627?
3
What is the tens digit of 1887?
8
What is the units digit of 7437?
7
What is the tens digit of 16389?
8
What is the units digit of 3292?
2
What is the thousands digit of 25241?
5
What is the tens digit of 3715?
1
What is the thousands digit of 3686?
3
What is the units digit of 4?
4
What is the tens digit of 456?
5
What is the tens digit of 36629?
2
What is the tens digit of 1211?
1
What is the tens digit of 2189?
8
What is the ten thousands digit of 24713?
2
What is the thousands digit of 3157?
3
What is the thousands digit of 49048?
9
What is the units digit of 188457?
7
What is the hundreds digit of 643?
6
What is the ten thousands digit of 24550?
2
What is the thousands digit of 35502?
5
What is the tens digit of 626?
2
What is the thousands digit of 24317?
4
What is the tens digit of 55?
5
What is the hundreds digit of 569?
5
What is the thousands digit of 173516?
3
What is the units digit of 15830?
0
What is the ten thousands digit of 33182?
3
What is the hundreds digit of 1607?
6
What is the thousands digit of 1281?
1
What is the hundreds digit of 48122?
1
What is the thousands digit of 3411?
3
What is the ten thousands digit of 20646?
2
What is the hundreds digit of 31624?
6
What is the tens digit of 101032?
3
What is the hundreds digit of 15883?
8
What is the tens digit of 2681?
8
What is the units digit of 983?
3
What is the hundreds digit of 9358?
3
What is the units digit of 113925?
5
What is the ten thousands digit of 40947?
4
What is the units digit of 995?
5
What is the hundreds digit of 28125?
1
What is the hundreds digit of 5749?
7
What is the units digit of 8672?
2
What is the ten thousands digit of 114307?
1
What is the hundreds digit of 1774?
7
What is the hundreds digit of 15664?
6
What is the units digit of 1512?
2
What is the hundreds digit of 102335?
3
What is the ten thousands digit of 15605?
1
What is the ten thousands digit of 16527?
1
What is the ten thousands digit of 67826?
6
What is the tens digit of 14669?
6
What is the ten thousands digit of 67278?
6
What is the tens digit of 93337?
3
What is the tens digit of 2012?
1
What is the tens digit of 2580?
8
What is the tens digit of 103570?
7
What is the units digit of 672?
2
What is the hundreds digit of 501?
5
What is the hundreds digit of 6812?
8
What is the thousands digit of 3867?
3
What is the tens digit of 548?
4
What is the ten thousands digit of 152472?
5
What is the hundreds digit of 1051?
0
What is the ten thousands digit of 87057?
8
What is the hundreds digit of 1226?
2
What is the hundreds digit of 9229?
2
What is the thousands digit of 2545?
2
What is the tens digit of 17321?
2
What is the thousands digit of 1195?
1
What is the units digit of 441?
1
What is the tens digit of 912?
1
What is the thousands digit of 72924?
2
What is the hundreds digit of 110?
1
What is the units digit of 2653?
3
What is the ten thousands digit of 90477?
9
What is the units digit of 27?
7
What is the thousands digit of 1890?
1
What is the tens digit of 847?
4
What is the thousands digit of 155489?
5
What is the tens digit of 773?
7
What is the hundreds digit of 19667?
6
What is the units digit of 1039?
9
What is the ten thousands digit of 119923?
1
What is the ten thousands digit of 103844?
0
What is the tens digit of 36542?
4
What is the units digit of 1137?
7
What is the tens digit of 775?
7
What is the hundreds digit of 1003?
0
What is the hundreds digit of 3079?
0
What is the units digit of 65853?
3
What is the units digit of 19706?
6
What is the thousands digit of 2409?
2
What is the units digit of 301?
1
What is the ten thousands digit of 15912?
1
What is the units digit of 42?
2
What is the thousands digit of 22765?
2
What is the thousands digit of 2929?
2
What is the thousands digit of 20988?
0
What i